r when 1295 is divided by 54.
53
What is the remainder when 188 is divided by 110?
78
What is the remainder when 1676 is divided by 21?
17
What is the remainder when 1080 is divided by 67?
8
Calculate the remainder when 276 is divided by 8.
4
What is the remainder when 537 is divided by 264?
9
Calculate the remainder when 335 is divided by 181.
154
What is the remainder when 17106 is divided by 13?
11
Calculate the remainder when 123 is divided by 119.
4
Calculate the remainder when 281 is divided by 3.
2
What is the remainder when 132 is divided by 61?
10
What is the remainder when 16 is divided by 14?
2
Calculate the remainder when 93 is divided by 11.
5
What is the remainder when 89 is divided by 46?
43
Calculate the remainder when 55 is divided by 32.
23
Calculate the remainder when 1025 is divided by 230.
105
Calculate the remainder when 519 is divided by 13.
12
Calculate the remainder when 258 is divided by 20.
18
Calculate the remainder when 308 is divided by 12.
8
Calculate the remainder when 575 is divided by 97.
90
What is the remainder when 494 is divided by 171?
152
What is the remainder when 610 is divided by 313?
297
What is the remainder when 131 is divided by 52?
27
What is the remainder when 832 is divided by 22?
18
What is the remainder when 1252 is divided by 11?
9
Calculate the remainder when 3328 is divided by 83.
8
Calculate the remainder when 380 is divided by 125.
5
What is the remainder when 586 is divided by 192?
10
Calculate the remainder when 464 is divided by 54.
32
What is the remainder when 39007 is divided by 10?
7
Calculate the remainder when 55 is divided by 8.
7
Calculate the remainder when 114 is divided by 70.
44
Calculate the remainder when 5357 is divided by 32.
13
What is the remainder when 3930 is divided by 69?
66
What is the remainder when 237 is divided by 111?
15
Calculate the remainder when 42 is divided by 16.
10
What is the remainder when 3180 is divided by 51?
18
Calculate the remainder when 367 is divided by 22.
15
Calculate the remainder when 2106 is divided by 698.
12
Calculate the remainder when 2040 is divided by 156.
12
Calculate the remainder when 11661 is divided by 17.
16
Calculate the remainder when 10391 is divided by 135.
131
What is the remainder when 93 is divided by 66?
27
Calculate the remainder when 20351 is divided by 115.
111
Calculate the remainder when 111 is divided by 18.
3
What is the remainder when 96 is divided by 94?
2
Calculate the remainder when 108 is divided by 64.
44
What is the remainder when 412 is divided by 46?
44
Calculate the remainder when 123 is divided by 13.
6
Calculate the remainder when 2534 is divided by 30.
14
Calculate the remainder when 63 is divided by 31.
1
What is the remainder when 10492 is divided by 106?
104
What is the remainder when 2732 is divided by 545?
7
Calculate the remainder when 1214 is divided by 76.
74
What is the remainder when 42 is divided by 24?
18
What is the remainder when 116 is divided by 60?
56
What is the remainder when 214 is divided by 12?
10
What is the remainder when 146 is divided by 72?
2
What is the remainder when 951 is divided by 136?
135
Calculate the remainder when 607 is divided by 54.
13
What is the remainder when 73 is divided by 60?
13
Calculate the remainder when 55 is divided by 14.
13
What is the remainder when 6017 is divided by 2005?
2
What is the remainder when 331 is divided by 21?
16
What is the remainder when 889 is divided by 216?
25
Calculate the remainder when 88 is divided by 55.
33
What is the remainder when 58 is divided by 25?
8
Calculate the remainder when 184 is divided by 28.
16
Calculate the remainder when 186 is divided by 17.
16
Calculate the remainder when 180 is divided by 107.
73
Calculate the remainder when 46 is divided by 13.
7
Calculate the remainder when 477 is divided by 37.
33
Calculate the remainder when 2485 is divided by 108.
1
What is the remainder when 578 is divided by 142?
10
What is the remainder when 290 is divided by 49?
45
What is the remainder when 7268 is divided by 101?
97
Calculate the remainder when 31 is divided by 18.
13
Calculate the remainder when 5317 is divided by 38.
35
Calculate the remainder when 148 is divided by 50.
48
What is the remainder when 206 is divided by 37?
21
Calculate the remainder when 5830 is divided by 24.
22
Calculate the remainder when 13859 is divided by 252.
251
What is the remainder when 1327 is divided by 111?
106
Calculate the remainder when 178 is divided by 23.
17
What is the remainder when 460 is divided by 213?
34
Calculate the remainder when 153 is divided by 46.
15
What is the remainder when 218 is divided by 30?
8
Calculate the remainder when 85 is divided by 3.
1
Calculate the remainder when 579 is divided by 97.
94
Calculate the remainder when 341 is divided by 49.
47
Calculate the remainder when 1132 is divided by 21.
19
Calculate the remainder when 3385 is divided by 44.
41
Calculate the remainder when 63 is divided by 13.
11
What is the remainder when 57 is divided by 12?
9
What is the remainder when 1308 is divided by 10?
8
What is the remainder when 4292 is divided by 113?
111
Calculate the remainder when 122 is divided by 31.
29
What is the remainder when 71 is divided by 22?
5
Calculate the remainder when 328 is divided by 112.
104
Calculate the remainder when 132 is divided by 15.
12
What is the remainder when 4003 is divided by 143?
142
Calculate the remainder when 88 is divided by 13.
10
Calculate the remainder when 1186 is divided by 41.
38
What is the remainder when 180 is divided by 145?
35
What is the remainder when 1151 is divided by 297?
260
Calculate the remainder when 190 is divided by 33.
25
Calculate the remainder when 237 is divided by 10.
7
What is the remainder when 824 is divided by 59?
57
Calculate the remainder when 7854 is divided by 65.
54
Calculate the remainder when 239 is divided by 22.
19
What is the remainder when 182 is divided by 23?
21
What is the remainder when 284 is divided by 126?
32
Calculate the remainder when 486 is divided by 17.
10
What is the remainder when 1137 is divided by 42?
3
Calculate the remainder when 390 is divided by 114.
48
What is the remainder when 415 is divided by 14?
9
Calculate the remainder when 9329 is divided by 43.
41
Calculate the remainder when 538 is divided by 54.
52
Calculate the remainder when 1798 is divided by 6.
4
What is the remainder when 450 is divided by 144?
18
Calculate the remainder when 436 is divided by 88.
84
What is the remainder when 279 is divided by 40?
39
Calculate the remainder when 175 is divided by 36.
31
Calculate the remainder when 2143 is divided by 58.
55
Calculate the remainder when 127 is divided by 27.
19
What is the remainder when 339 is divided by 85?
84
What is the remainder when 13 is divided by 5?
3
What is the remainder when 777 is divided by 13?
10
What is the remainder when 725 is divided by 6?
5
Calculate the remainder when 155 is divided by 12.
11
Calculate the remainder when 68 is divided by 19.
11
Calculate the remainder when 430 is divided by 24.
22
What is the remainder when 395 is divided by 12?
11
What is the remainder when 119 is divided by 75?
44
What is the remainder when 5736 is divided by 174?
168
What is the remainder when 239 is divided by 16?
15
What is the remainder when 2959 is divided by 148?
147
Calculate the remainder when 1800 is divided by 19.
14
What is the remainder when 119 is divided by 29?
3
Calculate the remainder when 712 is divided by 105.
82
What is the remainder when 6206 is divided by 85?
1
What is the remainder when 195 is divided by 40?
35
What is the remainder when 6369 is divided by 27?
24
Calculate the remainder when 3073 is divided by 13.
5
What is the remainder when 314 is divided by 86?
56
Calculate the remainder when 12304 is divided by 42.
40
Calculate the remainder when 531 is divided by 171.
18
Calculate the remainder when 810 is divided by 8.
2
Calculate the remainder when 15759 is divided by 16.
15
Calculate the remainder when 86 is divided by 10.
6
What is the remainder when 65 is divided by 17?
14
Calculate the remainder when 65 is divided by 21.
2
What is the remainder when 1383 is divided by 670?
43
What is the remainder when 651 is divided by 50?
1
What